{"id":52,"date":"2017-01-18T22:25:59","date_gmt":"2017-01-18T21:25:59","guid":{"rendered":"http:\/\/elevage-clos-artemis.fr\/?page_id=52"},"modified":"2026-03-31T17:16:04","modified_gmt":"2026-03-31T15:16:04","slug":"expositions-a-venir","status":"publish","type":"page","link":"https:\/\/chatterie-clos-artemis.fr\/index.php\/expositions\/expositions-a-venir\/","title":{"rendered":"Expositions f\u00e9lines \u00e0 venir"},"content":{"rendered":"<h3>Liste des expositions \u00e0 venir<\/h3>\n<p>Voici la liste des expositions f\u00e9lines et canines \u00e0 venir &nbsp;sur lesquelles vous pouvez nous retrouver ainsi que nos animaux. N&rsquo;h\u00e9sitez pas \u00e0 prendre contact avec nous si vous souhaitez nous retrouver \u00e0 l&rsquo;une de ces occasions !<\/p>\n<p>En cours d&rsquo;actualisation pour 2026<\/p>\n<p>&nbsp;<\/p>\n<p>La chatterie du Clos d&rsquo;Art\u00e9mis concourt en LOOF. Vous pouvez trouver des informations compl\u00e9mentaires sur ce type&nbsp;de jugement sur leur&nbsp;site:<\/p>\n<ul>\n<li><a href=\"http:\/\/www.loof.asso.fr\/actus\/actus_loof.php\">Site du LOOF<\/a><\/li>\n<\/ul>\n<p>Vous pouvez retrouver la liste de nos expositions pass\u00e9es dans <a href=\"http:\/\/elevage-clos-artemis.fr\/index.php\/2017\/01\/\">nos archives<\/a>.<\/p>\n<p>&nbsp;<\/p>\n<p><img loading=\"lazy\" decoding=\"async\" class=\"aligncenter size-medium wp-image-218\" src=\"http:\/\/elevage-clos-artemis.fr\/wp-content\/uploads\/2017\/01\/33220374026_f43180c801_k-300x225.jpg\" alt=\"Maine Coon cr\u00e8me\" width=\"300\" height=\"225\" srcset=\"https:\/\/chatterie-clos-artemis.fr\/wp-content\/uploads\/2017\/01\/33220374026_f43180c801_k-300x225.jpg 300w, https:\/\/chatterie-clos-artemis.fr\/wp-content\/uploads\/2017\/01\/33220374026_f43180c801_k-768x576.jpg 768w, https:\/\/chatterie-clos-artemis.fr\/wp-content\/uploads\/2017\/01\/33220374026_f43180c801_k-1024x768.jpg 1024w, https:\/\/chatterie-clos-artemis.fr\/wp-content\/uploads\/2017\/01\/33220374026_f43180c801_k-1260x945.jpg 1260w, https:\/\/chatterie-clos-artemis.fr\/wp-content\/uploads\/2017\/01\/33220374026_f43180c801_k.jpg 2048w\" sizes=\"auto, (max-width: 300px) 100vw, 300px\" \/><\/p>\n","protected":false},"excerpt":{"rendered":"<p>Liste des expositions \u00e0 venir Voici la liste des expositions f\u00e9lines et canines \u00e0 venir &nbsp;sur lesquelles vous pouvez nous&hellip;<\/p>\n","protected":false},"author":1,"featured_media":0,"parent":31,"menu_order":0,"comment_status":"closed","ping_status":"closed","template":"","meta":{"ngg_post_thumbnail":0,"footnotes":""},"class_list":["post-52","page","type-page","status-publish","hentry"],"_links":{"self":[{"href":"https:\/\/chatterie-clos-artemis.fr\/index.php\/wp-json\/wp\/v2\/pages\/52","targetHints":{"allow":["GET"]}}],"collection":[{"href":"https:\/\/chatterie-clos-artemis.fr\/index.php\/wp-json\/wp\/v2\/pages"}],"about":[{"href":"https:\/\/chatterie-clos-artemis.fr\/index.php\/wp-json\/wp\/v2\/types\/page"}],"author":[{"embeddable":true,"href":"https:\/\/chatterie-clos-artemis.fr\/index.php\/wp-json\/wp\/v2\/users\/1"}],"replies":[{"embeddable":true,"href":"https:\/\/chatterie-clos-artemis.fr\/index.php\/wp-json\/wp\/v2\/comments?post=52"}],"version-history":[{"count":51,"href":"https:\/\/chatterie-clos-artemis.fr\/index.php\/wp-json\/wp\/v2\/pages\/52\/revisions"}],"predecessor-version":[{"id":4225,"href":"https:\/\/chatterie-clos-artemis.fr\/index.php\/wp-json\/wp\/v2\/pages\/52\/revisions\/4225"}],"up":[{"embeddable":true,"href":"https:\/\/chatterie-clos-artemis.fr\/index.php\/wp-json\/wp\/v2\/pages\/31"}],"wp:attachment":[{"href":"https:\/\/chatterie-clos-artemis.fr\/index.php\/wp-json\/wp\/v2\/media?parent=52"}],"curies":[{"name":"wp","href":"https:\/\/api.w.org\/{rel}","templated":true}]}}