{"id":3920,"date":"2025-01-22T12:21:29","date_gmt":"2025-01-22T11:21:29","guid":{"rendered":"https:\/\/chatterie-clos-artemis.fr\/?page_id=3920"},"modified":"2025-09-17T17:35:21","modified_gmt":"2025-09-17T15:35:21","slug":"wonderland-du-clos-dartemis","status":"publish","type":"page","link":"https:\/\/chatterie-clos-artemis.fr\/index.php\/oriental\/nos-femelles\/wonderland-du-clos-dartemis\/","title":{"rendered":"Wonderland du Clos d&rsquo;Art\u00e9mis"},"content":{"rendered":"\r\n\r\n\r\n\r\n\r\n<h5 class=\"wp-block-heading\">Caract\u00e9ristiques<\/h5>\r\n\r\n\r\n\r\n<ul class=\"wp-block-list\">\r\n<li>Sexe: Femelle<\/li>\r\n<li>Robe: Brown Spotted Tabby<\/li>\r\n<li>Naissance: 12\/10\/2024<\/li>\r\n<li>Tests: ID Gen OK, PRA N\/N<\/li>\r\n<li><strong>Titre: \/<\/strong><\/li>\r\n<li><strong>SQR: \/<\/strong><\/li>\r\n<li>Page pawpeds \u00e0 venir<\/li>\r\n<\/ul>\r\n\r\n\r\n\r\n<h6 class=\"wp-block-heading\"><strong>R\u00e9sultats<\/strong><\/h6>\r\n\r\n\r\n\r\n<ul class=\"wp-block-list\">\r\n<li>Dammarie 2024: EXC1 3\/6 + EXC1 3\/6 + <strong>Nomin\u00e9e Best in Show<\/strong><\/li>\r\n<li>Paris Animal Show 2025: EXC1 3\/6 mois + <strong>Nomin\u00e9e Best in Show<\/strong> + EXC1 3-6 mois +<strong> Best in Show + Prix Sp\u00e9cial<\/strong><\/li>\r\n<li>Mortagne-au-Perche 2025: EXC1 3\/6 Mois + <strong>Prix Sp\u00e9cial + Nomin\u00e9e Best in Show<\/strong><\/li>\r\n<li>Turretot 2025: &nbsp;EXC1 3\/6 +&nbsp;<strong>&nbsp;Best in Show + Prix Sp\u00e9cial + <\/strong>EXC1 3\/6<strong> + Prix Sp\u00e9cial + Nomin\u00e9e Best in Show<\/strong><\/li>\r\n<li>Anet 2025: EXC1 6\/10 mois +&nbsp; EXC1 6\/10 mois +<strong>&nbsp;Prix Sp\u00e9cial + Best in Show<\/strong><\/li>\r\n<li>Dreux 2025: EXC1 CAC + <strong>Prix Sp\u00e9cial + Nomin\u00e9e Best in Show \u00e0 la Sp\u00e9ciale Orientale + 6e du TOP 10<\/strong> + EXC1 CAC<\/li>\r\n<\/ul>\r\n<p><strong><span style=\"color: #ff0000;\">\r\n\r\n<\/span><\/strong><\/p>\r\nngg_shortcode_0_placeholder\r\n","protected":false},"excerpt":{"rendered":"<p>Caract\u00e9ristiques Sexe: Femelle Robe: Brown Spotted Tabby Naissance: 12\/10\/2024 Tests: ID Gen OK, PRA N\/N Titre: \/ SQR: \/ Page&hellip;<\/p>\n","protected":false},"author":1,"featured_media":0,"parent":1232,"menu_order":0,"comment_status":"closed","ping_status":"closed","template":"","meta":{"ngg_post_thumbnail":0,"footnotes":""},"class_list":["post-3920","page","type-page","status-publish","hentry"],"_links":{"self":[{"href":"https:\/\/chatterie-clos-artemis.fr\/index.php\/wp-json\/wp\/v2\/pages\/3920","targetHints":{"allow":["GET"]}}],"collection":[{"href":"https:\/\/chatterie-clos-artemis.fr\/index.php\/wp-json\/wp\/v2\/pages"}],"about":[{"href":"https:\/\/chatterie-clos-artemis.fr\/index.php\/wp-json\/wp\/v2\/types\/page"}],"author":[{"embeddable":true,"href":"https:\/\/chatterie-clos-artemis.fr\/index.php\/wp-json\/wp\/v2\/users\/1"}],"replies":[{"embeddable":true,"href":"https:\/\/chatterie-clos-artemis.fr\/index.php\/wp-json\/wp\/v2\/comments?post=3920"}],"version-history":[{"count":5,"href":"https:\/\/chatterie-clos-artemis.fr\/index.php\/wp-json\/wp\/v2\/pages\/3920\/revisions"}],"predecessor-version":[{"id":4119,"href":"https:\/\/chatterie-clos-artemis.fr\/index.php\/wp-json\/wp\/v2\/pages\/3920\/revisions\/4119"}],"up":[{"embeddable":true,"href":"https:\/\/chatterie-clos-artemis.fr\/index.php\/wp-json\/wp\/v2\/pages\/1232"}],"wp:attachment":[{"href":"https:\/\/chatterie-clos-artemis.fr\/index.php\/wp-json\/wp\/v2\/media?parent=3920"}],"curies":[{"name":"wp","href":"https:\/\/api.w.org\/{rel}","templated":true}]}}