{"id":3910,"date":"2025-01-22T12:14:06","date_gmt":"2025-01-22T11:14:06","guid":{"rendered":"https:\/\/chatterie-clos-artemis.fr\/?page_id=3910"},"modified":"2025-09-17T17:44:32","modified_gmt":"2025-09-17T15:44:32","slug":"resultats-2025","status":"publish","type":"page","link":"https:\/\/chatterie-clos-artemis.fr\/index.php\/expositions\/resultats\/resultats-2025\/","title":{"rendered":"R\u00e9sultats 2025"},"content":{"rendered":"<p><strong>Janvier<\/strong><\/p>\r\n<!-- \/wp:post-content -->\r\n\r\n<!-- wp:heading -->\r\n<h2>Dammarie les Lys &#8212; 18\/19 Janvier 2025<\/h2>\r\n<!-- \/wp:heading -->\r\n\r\n<!-- wp:list -->\r\n<ul>\r\n<li>Wonderland du Clos d&rsquo;Art\u00e9mis: EXC1 3\/6 + EXC1 3\/6 + <strong>Nomin\u00e9e Best in Show<\/strong><\/li>\r\n<li><a href=\"https:\/\/elevage-clos-artemis.fr\/index.php\/elevage\/maine-coon\/nos-femelles\/upsilon-du-chabeaute\/\">Upsilon du Chabeaut\u00e9<\/a>: CAGCI + CAGCI<\/li>\r\n<\/ul>\r\n<p><strong>Mars<\/strong><\/p>\r\n<p><!-- \/wp:list -->\r\n\r\n<!-- wp:heading --><\/p>\r\n<h2>Paris Animal Show &#8212; 07\/08\/09 Mars 2025<\/h2>\r\n<p><!-- \/wp:heading -->\r\n\r\n<!-- wp:list --><\/p>\r\n<ul>\r\n<li><a href=\"https:\/\/chatterie-clos-artemis.fr\/oriental\/nos-femelles\/wonderland-du-clos-dartemis\/\">Wonderland du Clos d&rsquo;Art\u00e9mis<\/a>: EXC1 3\/6 + <strong>Nomin\u00e9e Best in Show + <\/strong>EXC1 3-6 <strong>+ Best in Show + Prix Sp\u00e9cial<\/strong><\/li>\r\n<li><a href=\"https:\/\/chatterie-clos-artemis.fr\/elevage\/maine-coon\/nos-femelles\/unicum-iguana\/\">Unicum Iguana<\/a> : Honneur 1 + Honneur 1 + Honneur 1 +<strong>Nomin\u00e9e Best in Show + Prix Sp\u00e9cial<\/strong><\/li>\r\n<li><a href=\"https:\/\/chatterie-clos-artemis.fr\/elevage\/maine-coon\/nos-femelles\/wingardium-leviosa-du-clos-dartemis\/\">Wingardium Leviosa du Clos d&rsquo;Art\u00e9mis<\/a> : EXC1 CAC + EXC1 CAC<\/li>\r\n<\/ul>\r\n<h2>Mortagne-au-Perche &#8212; 22\/23 Mars 2025<\/h2>\r\n<p><!-- \/wp:list -->\r\n\r\n<!-- wp:list --><\/p>\r\n<ul>\r\n<li><a href=\"https:\/\/chatterie-clos-artemis.fr\/oriental\/nos-femelles\/wonderland-du-clos-dartemis\/\">Wonderland du Clos d&rsquo;Art\u00e9mis<\/a>: EXC1 3\/6 + <strong>Nomin\u00e9e Best in Show<\/strong><strong>&nbsp;+ Prix Sp\u00e9cial<\/strong><\/li>\r\n<li><a href=\"https:\/\/chatterie-clos-artemis.fr\/elevage\/maine-coon\/nos-femelles\/finja-von-palut\/\">Finja Von Palut:<\/a> EXC1 CAC<\/li>\r\n<li><a href=\"https:\/\/chatterie-clos-artemis.fr\/elevage\/maine-coon\/nos-femelles\/wingardium-leviosa-du-clos-dartemis\/\">Wingardium Leviosa du Clos d&rsquo;Art\u00e9mis<\/a> : EXC1 CAC + EXC1 CACIB<\/li>\r\n<\/ul>\r\n<h2>Turretot &#8212; 29\/30 Mars 2025<\/h2>\r\n<p><!-- \/wp:list -->\r\n\r\n<!-- wp:list --><\/p>\r\n<ul>\r\n<li><a href=\"https:\/\/chatterie-clos-artemis.fr\/oriental\/nos-femelles\/wonderland-du-clos-dartemis\/\">Wonderland du Clos d&rsquo;Art\u00e9mis<\/a>: EXC1 3\/6 + <strong>&nbsp;Best in Show + Prix Sp\u00e9cial + EXC1 3\/6 + Prix Sp\u00e9cial + Nomin\u00e9e Best in Show<\/strong><\/li>\r\n<li><a href=\"https:\/\/chatterie-clos-artemis.fr\/elevage\/maine-coon\/nos-femelles\/unicum-iguana\/\">Unicum Iguana<\/a> : Honneur 1 + Honneur 1 + <strong>Prix Sp\u00e9cial<\/strong><\/li>\r\n<li><a href=\"https:\/\/chatterie-clos-artemis.fr\/elevage\/maine-coon\/nos-femelles\/wingardium-leviosa-du-clos-dartemis\/\">Wingardium Leviosa du Clos d&rsquo;Art\u00e9mis<\/a> : EXC1 CACIB + EXC1 CACIB<\/li>\r\n<\/ul>\r\n<p><strong>Avril<\/strong><\/p>\r\n<p><!-- \/wp:list -->\r\n\r\n<!-- wp:heading --><\/p>\r\n<h2>Anet &#8212; 12\/13 Avril 2025<\/h2>\r\n<p><!-- \/wp:heading -->\r\n\r\n<!-- wp:list --><\/p>\r\n<ul>\r\n<li><a href=\"https:\/\/chatterie-clos-artemis.fr\/oriental\/nos-femelles\/wonderland-du-clos-dartemis\/\">Wonderland du Clos d&rsquo;Art\u00e9mis<\/a>:EXC1 6\/10 mois +&nbsp; EXC1 6\/10 mois +<strong> Prix Sp\u00e9cial + Best in Show<\/strong><\/li>\r\n<li><a href=\"https:\/\/chatterie-clos-artemis.fr\/elevage\/maine-coon\/nos-femelles\/unicum-iguana\/\">Unicum Iguana<\/a> : Honneur 1 + <strong>Prix Sp\u00e9cial + Best in Show<\/strong> + Honneur 1 + <strong>Prix Sp\u00e9cial + Best in Show<\/strong><\/li>\r\n<li><a href=\"https:\/\/chatterie-clos-artemis.fr\/elevage\/chat-des-forets-norvegiennes\/nos-femelles\/really-sweet-lemon-crinkle-caladan\/\">Really Sweet Lemon Crinkle de Caladan<\/a>: EXC1 CAGCI + EXC1 CAGCI<\/li>\r\n<li><a href=\"https:\/\/chatterie-clos-artemis.fr\/elevage\/maine-coon\/nos-femelles\/wingardium-leviosa-du-clos-dartemis\/\">Wingardium Leviosa du Clos d&rsquo;Art\u00e9mis<\/a> : EXC1 CAGCI + EXC1 CAGCI<\/li>\r\n<\/ul>\r\n<h2>Dreux &#8212; 13\/14 Septembre 2025<\/h2>\r\n<p><!-- \/wp:list -->\r\n\r\n<!-- wp:list --><\/p>\r\n<ul>\r\n<li><a href=\"https:\/\/chatterie-clos-artemis.fr\/oriental\/nos-femelles\/wonderland-du-clos-dartemis\/\">Wonderland du Clos d&rsquo;Art\u00e9mis<\/a>:EXC1 CAC + <strong>Prix Sp\u00e9cial + Nomin\u00e9e Best in Show + 6e du Top 10 Sp\u00e9ciale Orientale<\/strong> + EXC1 CAC<\/li>\r\n<li><a href=\"https:\/\/chatterie-clos-artemis.fr\/elevage\/maine-coon\/nos-femelles\/unicum-iguana\/\">Unicum Iguana<\/a> : Honneur 1 + <strong>Nomin\u00e9e Best in Show<\/strong> <strong>Sp\u00e9ciale Maine Coon<\/strong><\/li>\r\n<li>Ars\u00e9nic du Clos d&rsquo;Art\u00e9mis: EXC1 3\/6 mois + <strong>Prix Sp\u00e9cial + Nomin\u00e9e Best in Show Sp\u00e9ciale Maine Coon<\/strong><\/li>\r\n<li><a href=\"https:\/\/chatterie-clos-artemis.fr\/index.php\/orchidee-apocalyptica-twix\/\">Orchid\u00e9e du Jardin de l&rsquo;Authie<\/a>: EXC1 CAP + <strong>Best V\u00e9t\u00e9ran Sp\u00e9ciale Orientale<\/strong> + EXC1 CAP + <strong>Best in Show Femelle Neutre<\/strong><\/li>\r\n<li><a href=\"https:\/\/chatterie-clos-artemis.fr\/elevage\/maine-coon\/nos-femelles\/wingardium-leviosa-du-clos-dartemis\/\">Wingardium Leviosa du Clos d&rsquo;Art\u00e9mis<\/a> : EXC1 CAGCI + EXC1 CAGCI<\/li>\r\n<li>Qwerty du Clos d&rsquo;Art\u00e9mis : Honneur 1 + Prix Sp\u00e9cial + Best in Show Honneur + Honneur 1 + Best in Show Honneur<\/li>\r\n<li>Veritaserum du Clos d&rsquo;Art\u00e9mis : <strong>Best vari\u00e9t\u00e9 + Best in Show + BEST OF BEST ADULTE Sp\u00e9ciale Maine Coon&nbsp;<\/strong><\/li>\r\n<li>Zabini du Clos d&rsquo;Art\u00e9mis : CAP + <strong>Nomin\u00e9 Best in Show<\/strong> + CAP + <strong>Nomin\u00e9 Best in Show + Best Vari\u00e9t\u00e9<\/strong><\/li>\r\n<\/ul>","protected":false},"excerpt":{"rendered":"<p>Janvier Dammarie les Lys &#8212; 18\/19 Janvier 2025 Wonderland du Clos d&rsquo;Art\u00e9mis: EXC1 3\/6 + EXC1 3\/6 + Nomin\u00e9e Best&hellip;<\/p>\n","protected":false},"author":1,"featured_media":0,"parent":34,"menu_order":0,"comment_status":"closed","ping_status":"closed","template":"","meta":{"ngg_post_thumbnail":0,"footnotes":""},"class_list":["post-3910","page","type-page","status-publish","hentry"],"_links":{"self":[{"href":"https:\/\/chatterie-clos-artemis.fr\/index.php\/wp-json\/wp\/v2\/pages\/3910","targetHints":{"allow":["GET"]}}],"collection":[{"href":"https:\/\/chatterie-clos-artemis.fr\/index.php\/wp-json\/wp\/v2\/pages"}],"about":[{"href":"https:\/\/chatterie-clos-artemis.fr\/index.php\/wp-json\/wp\/v2\/types\/page"}],"author":[{"embeddable":true,"href":"https:\/\/chatterie-clos-artemis.fr\/index.php\/wp-json\/wp\/v2\/users\/1"}],"replies":[{"embeddable":true,"href":"https:\/\/chatterie-clos-artemis.fr\/index.php\/wp-json\/wp\/v2\/comments?post=3910"}],"version-history":[{"count":10,"href":"https:\/\/chatterie-clos-artemis.fr\/index.php\/wp-json\/wp\/v2\/pages\/3910\/revisions"}],"predecessor-version":[{"id":4123,"href":"https:\/\/chatterie-clos-artemis.fr\/index.php\/wp-json\/wp\/v2\/pages\/3910\/revisions\/4123"}],"up":[{"embeddable":true,"href":"https:\/\/chatterie-clos-artemis.fr\/index.php\/wp-json\/wp\/v2\/pages\/34"}],"wp:attachment":[{"href":"https:\/\/chatterie-clos-artemis.fr\/index.php\/wp-json\/wp\/v2\/media?parent=3910"}],"curies":[{"name":"wp","href":"https:\/\/api.w.org\/{rel}","templated":true}]}}