{"id":3787,"date":"2024-06-19T11:58:12","date_gmt":"2024-06-19T09:58:12","guid":{"rendered":"https:\/\/elevage-clos-artemis.fr\/?page_id=3787"},"modified":"2025-09-17T17:22:44","modified_gmt":"2025-09-17T15:22:44","slug":"wingardium-leviosa-du-clos-dartemis","status":"publish","type":"page","link":"https:\/\/chatterie-clos-artemis.fr\/index.php\/elevage\/maine-coon\/nos-femelles\/wingardium-leviosa-du-clos-dartemis\/","title":{"rendered":"Wingardium Leviosa du Clos d&rsquo;Art\u00e9mis"},"content":{"rendered":"<h5>Caract\u00e9ristiques<\/h5>\n<ul>\n<li>Sexe: Femelle<\/li>\n<li>Robe: Black Tortie Ticked Tabby<\/li>\n<li>Naissance: 03\/02\/2024<\/li>\n<li>Tests: carte g\u00e9n\u00e9tique + parent\u00e9, SMA N\/N, PKDef N\/N, HCM-MC N\/N<\/li>\n<li>Titre: Championne de France<\/li>\n<li>SQR: SQR4<\/li>\n<li>Pawpeds : A venir<\/li>\n<\/ul>\n<h6><strong>R\u00e9sultats<\/strong><\/h6>\n<ul>\n<li>Baltard 2024: EXC1 3\/6 mois + <strong>Best Vari\u00e9t\u00e9<\/strong><\/li>\n<li>Cormeilles en Parisis: EXC1 6\/10 mois + EXC2 6\/10 mois<\/li>\n<li>Paris Animal Show 2025: EXC1 CAC + EXC1 CAC<\/li>\n<li>Mortagne-au-Perche 2025: EXC1 CAC + EXC1 CACIB<\/li>\n<li>Turretot 2025: EXC1 CACIB + EXC1 CACIB<\/li>\n<li>Anet 2025: EXC1 CAGCI + EXC1 CAGCI<\/li>\n<li>Dreux 2025: EXC1 CAGCI + EXC1 CAGCI<\/li>\n<\/ul>\nngg_shortcode_0_placeholder\n","protected":false},"excerpt":{"rendered":"<p>Caract\u00e9ristiques Sexe: Femelle Robe: Black Tortie Ticked Tabby Naissance: 03\/02\/2024 Tests: carte g\u00e9n\u00e9tique + parent\u00e9, SMA N\/N, PKDef N\/N, HCM-MC&hellip;<\/p>\n","protected":false},"author":1,"featured_media":0,"parent":180,"menu_order":0,"comment_status":"closed","ping_status":"closed","template":"","meta":{"ngg_post_thumbnail":0,"footnotes":""},"class_list":["post-3787","page","type-page","status-publish","hentry"],"_links":{"self":[{"href":"https:\/\/chatterie-clos-artemis.fr\/index.php\/wp-json\/wp\/v2\/pages\/3787","targetHints":{"allow":["GET"]}}],"collection":[{"href":"https:\/\/chatterie-clos-artemis.fr\/index.php\/wp-json\/wp\/v2\/pages"}],"about":[{"href":"https:\/\/chatterie-clos-artemis.fr\/index.php\/wp-json\/wp\/v2\/types\/page"}],"author":[{"embeddable":true,"href":"https:\/\/chatterie-clos-artemis.fr\/index.php\/wp-json\/wp\/v2\/users\/1"}],"replies":[{"embeddable":true,"href":"https:\/\/chatterie-clos-artemis.fr\/index.php\/wp-json\/wp\/v2\/comments?post=3787"}],"version-history":[{"count":6,"href":"https:\/\/chatterie-clos-artemis.fr\/index.php\/wp-json\/wp\/v2\/pages\/3787\/revisions"}],"predecessor-version":[{"id":4109,"href":"https:\/\/chatterie-clos-artemis.fr\/index.php\/wp-json\/wp\/v2\/pages\/3787\/revisions\/4109"}],"up":[{"embeddable":true,"href":"https:\/\/chatterie-clos-artemis.fr\/index.php\/wp-json\/wp\/v2\/pages\/180"}],"wp:attachment":[{"href":"https:\/\/chatterie-clos-artemis.fr\/index.php\/wp-json\/wp\/v2\/media?parent=3787"}],"curies":[{"name":"wp","href":"https:\/\/api.w.org\/{rel}","templated":true}]}}