{"id":34,"date":"2017-01-18T21:58:54","date_gmt":"2017-01-18T20:58:54","guid":{"rendered":"http:\/\/elevage-clos-artemis.fr\/?page_id=34"},"modified":"2025-01-22T12:15:25","modified_gmt":"2025-01-22T11:15:25","slug":"resultats","status":"publish","type":"page","link":"https:\/\/chatterie-clos-artemis.fr\/index.php\/expositions\/resultats\/","title":{"rendered":"R\u00e9sultats"},"content":{"rendered":"<p>Voici les diff\u00e9rents r\u00e9sultats de l&rsquo;\u00e9levage aux expositions f\u00e9lines:<\/p>\n<ul>\n<li><a href=\"http:\/\/elevage-clos-artemis.fr\/index.php\/expositions\/resultats\/resultats-2017\/\">R\u00e9sultats 2017<\/a><\/li>\n<li><a href=\"http:\/\/elevage-clos-artemis.fr\/index.php\/expositions\/resultats\/resultats-2018\/\">R\u00e9sultats 2018<\/a><\/li>\n<li><a href=\"http:\/\/elevage-clos-artemis.fr\/index.php\/resultats-2019\/\">R\u00e9sultats 2019<\/a><\/li>\n<li><a href=\"http:\/\/elevage-clos-artemis.fr\/index.php\/expositions\/resultats\/resultats-2020\/\">R\u00e9sultats 2020<\/a><\/li>\n<li><a href=\"http:\/\/elevage-clos-artemis.fr\/index.php\/expositions\/resultats\/resultats-2021\/\">R\u00e9sultats 2021<\/a><\/li>\n<li><a href=\"http:\/\/elevage-clos-artemis.fr\/index.php\/expositions\/resultats\/resultats-2022\/\">R\u00e9sultats 2022<\/a><\/li>\n<li><a href=\"http:\/\/elevage-clos-artemis.fr\/index.php\/expositions\/resultats\/resultats-2023\/\">R\u00e9sultats 2023<\/a><\/li>\n<li><a href=\"http:\/\/elevage-clos-artemis.fr\/index.php\/expositions\/resultats\/resultats-2024\/\">R\u00e9sultats 2024<\/a><\/li>\n<li><a href=\"https:\/\/chatterie-clos-artemis.fr\/expositions\/resultats\/resultats-2025\/\">R\u00e9sultats 2025<\/a><\/li>\n<\/ul>\n","protected":false},"excerpt":{"rendered":"<p>Voici les diff\u00e9rents r\u00e9sultats de l&rsquo;\u00e9levage aux expositions f\u00e9lines: R\u00e9sultats 2017 R\u00e9sultats 2018 R\u00e9sultats 2019 R\u00e9sultats 2020 R\u00e9sultats 2021 R\u00e9sultats&hellip;<\/p>\n","protected":false},"author":1,"featured_media":0,"parent":31,"menu_order":0,"comment_status":"closed","ping_status":"closed","template":"","meta":{"ngg_post_thumbnail":0,"footnotes":""},"class_list":["post-34","page","type-page","status-publish","hentry"],"_links":{"self":[{"href":"https:\/\/chatterie-clos-artemis.fr\/index.php\/wp-json\/wp\/v2\/pages\/34","targetHints":{"allow":["GET"]}}],"collection":[{"href":"https:\/\/chatterie-clos-artemis.fr\/index.php\/wp-json\/wp\/v2\/pages"}],"about":[{"href":"https:\/\/chatterie-clos-artemis.fr\/index.php\/wp-json\/wp\/v2\/types\/page"}],"author":[{"embeddable":true,"href":"https:\/\/chatterie-clos-artemis.fr\/index.php\/wp-json\/wp\/v2\/users\/1"}],"replies":[{"embeddable":true,"href":"https:\/\/chatterie-clos-artemis.fr\/index.php\/wp-json\/wp\/v2\/comments?post=34"}],"version-history":[{"count":11,"href":"https:\/\/chatterie-clos-artemis.fr\/index.php\/wp-json\/wp\/v2\/pages\/34\/revisions"}],"predecessor-version":[{"id":3914,"href":"https:\/\/chatterie-clos-artemis.fr\/index.php\/wp-json\/wp\/v2\/pages\/34\/revisions\/3914"}],"up":[{"embeddable":true,"href":"https:\/\/chatterie-clos-artemis.fr\/index.php\/wp-json\/wp\/v2\/pages\/31"}],"wp:attachment":[{"href":"https:\/\/chatterie-clos-artemis.fr\/index.php\/wp-json\/wp\/v2\/media?parent=34"}],"curies":[{"name":"wp","href":"https:\/\/api.w.org\/{rel}","templated":true}]}}