{"id":2997,"date":"2022-10-28T19:36:54","date_gmt":"2022-10-28T17:36:54","guid":{"rendered":"http:\/\/elevage-clos-artemis.fr\/?page_id=2997"},"modified":"2024-03-13T12:30:17","modified_gmt":"2024-03-13T11:30:17","slug":"unicum-russian-beauty-dracarys","status":"publish","type":"page","link":"https:\/\/chatterie-clos-artemis.fr\/index.php\/elevage\/maine-coon\/nos-femelles\/unicum-russian-beauty-dracarys\/","title":{"rendered":"Unicum Russian Beauty \u00ab\u00a0Dracarys\u00a0\u00bb"},"content":{"rendered":"<h5>Caract\u00e9ristiques<\/h5>\n<ul>\n<li>Sexe: Femelle<\/li>\n<li>Robe: Black Tortie Silver Ticked Tabby<\/li>\n<li>Naissance: 05\/05\/2022<\/li>\n<li>Tests: carte g\u00e9n\u00e9tique, SMA N\/N, PKDef N\/N, HCM-MC N\/N, GS N\/N,<\/li>\n<li>Titre: Quintuple Championne de France<\/li>\n<li>SQR: SQR4 &#8211; Recommand\u00e9e<\/li>\n<li>Pawpeds : A venir<\/li>\n<\/ul>\n<h6><strong>R\u00e9sultats<\/strong><\/h6>\n<ul>\n<li>Dammarie 2023: Excellent 1 6\/10 mois les 2 jours +<strong> Prix Sp\u00e9cial<\/strong><\/li>\n<li>Paris Animal Show 2023: CAC + CAC + CAC + <strong>Prix Sp\u00e9cial<\/strong> + <strong>Best in Show<\/strong><\/li>\n<li>Evreux 2023: CACIB<\/li>\n<li>Turretot 2023: CACIB + CACIB<\/li>\n<li>Chartres 2023: CAGCI + CAGCI + <strong>Nomin\u00e9e Best in Show<\/strong><\/li>\n<li>Semur-en-Auxois 2023: CAGCI + CAGCI + <strong>Prix Sp\u00e9cial + Nomin\u00e9e Best in Show<\/strong><\/li>\n<li>Baltard 2023: CACE + CACE + <strong>Nomin\u00e9e Best in Show<\/strong><\/li>\n<li>Malesherbes 2023: CACE + CACE&nbsp;<\/li>\n<li>Caen 2023: CACE + <strong>Best Vari\u00e9t\u00e9<\/strong> + <strong>Nomin\u00e9e Best in Show<\/strong> + CAGCE + <strong>Best Vari\u00e9t\u00e9<\/strong> + <strong>Nomin\u00e9e Best in Show \u00e0 la Sp\u00e9ciale Maine Coon<\/strong><\/li>\n<li>Dammarie 2024: CAGCE + <strong>Nomin\u00e9e Best in Show<\/strong><\/li>\n<li>Anet 2024: CAGCE&nbsp;<\/li>\n<li>Paris Animal Show 2024: CAGCE + CAGCE<\/li>\n<\/ul>\nngg_shortcode_0_placeholder\n","protected":false},"excerpt":{"rendered":"<p>Caract\u00e9ristiques Sexe: Femelle Robe: Black Tortie Silver Ticked Tabby Naissance: 05\/05\/2022 Tests: carte g\u00e9n\u00e9tique, SMA N\/N, PKDef N\/N, HCM-MC N\/N,&hellip;<\/p>\n","protected":false},"author":1,"featured_media":0,"parent":180,"menu_order":0,"comment_status":"closed","ping_status":"closed","template":"","meta":{"ngg_post_thumbnail":0,"footnotes":""},"class_list":["post-2997","page","type-page","status-publish","hentry"],"_links":{"self":[{"href":"https:\/\/chatterie-clos-artemis.fr\/index.php\/wp-json\/wp\/v2\/pages\/2997","targetHints":{"allow":["GET"]}}],"collection":[{"href":"https:\/\/chatterie-clos-artemis.fr\/index.php\/wp-json\/wp\/v2\/pages"}],"about":[{"href":"https:\/\/chatterie-clos-artemis.fr\/index.php\/wp-json\/wp\/v2\/types\/page"}],"author":[{"embeddable":true,"href":"https:\/\/chatterie-clos-artemis.fr\/index.php\/wp-json\/wp\/v2\/users\/1"}],"replies":[{"embeddable":true,"href":"https:\/\/chatterie-clos-artemis.fr\/index.php\/wp-json\/wp\/v2\/comments?post=2997"}],"version-history":[{"count":14,"href":"https:\/\/chatterie-clos-artemis.fr\/index.php\/wp-json\/wp\/v2\/pages\/2997\/revisions"}],"predecessor-version":[{"id":3644,"href":"https:\/\/chatterie-clos-artemis.fr\/index.php\/wp-json\/wp\/v2\/pages\/2997\/revisions\/3644"}],"up":[{"embeddable":true,"href":"https:\/\/chatterie-clos-artemis.fr\/index.php\/wp-json\/wp\/v2\/pages\/180"}],"wp:attachment":[{"href":"https:\/\/chatterie-clos-artemis.fr\/index.php\/wp-json\/wp\/v2\/media?parent=2997"}],"curies":[{"name":"wp","href":"https:\/\/api.w.org\/{rel}","templated":true}]}}