{"id":2962,"date":"2022-10-23T19:17:30","date_gmt":"2022-10-23T17:17:30","guid":{"rendered":"http:\/\/elevage-clos-artemis.fr\/?page_id=2962"},"modified":"2022-11-02T22:25:28","modified_gmt":"2022-11-02T21:25:28","slug":"resultats-2022","status":"publish","type":"page","link":"https:\/\/chatterie-clos-artemis.fr\/index.php\/expositions\/resultats\/resultats-2022\/","title":{"rendered":"R\u00e9sultats 2022"},"content":{"rendered":"<p><strong>Janvier<\/strong><\/p>\r\n<p><!-- \/wp:post-content -->\r\n\r\n<!-- wp:heading --><\/p>\r\n<h2>Dammarie les Lys &#8212; 08\/09 Janvier 2022<\/h2>\r\n<p><!-- \/wp:heading -->\r\n\r\n<!-- wp:list --><\/p>\r\n<ul>\r\n<li><a href=\"http:\/\/elevage-clos-artemis.fr\/index.php\/elevage\/maine-coon\/nos-femelles\/punk-du-clos-dartemis\/\">Punk du Clos d&rsquo;Art\u00e9mis<\/a>: 1 CAC EXC1 + <strong>Best Vari\u00e9t\u00e9<\/strong><\/li>\r\n<li><a href=\"http:\/\/elevage-clos-artemis.fr\/index.php\/elevage\/maine-coon\/nos-femelles\/unicum-iguana\/\">Unicum Iguana<\/a>: 2 CACIB EXC1<\/li>\r\n<li><a href=\"http:\/\/elevage-clos-artemis.fr\/index.php\/elevage\/maine-coon\/nos-males\/mycat-odins-son\/\">MyCat Odin&rsquo;s Son:<\/a> 2 CAC EXC1<\/li>\r\n<li><a href=\"http:\/\/elevage-clos-artemis.fr\/index.php\/elevage\/maine-coon\/nos-males\/rehoboam-du-clos-dartemis\/\">Rehoboam du Clos d&rsquo;Art\u00e9mis<\/a>: 1 CAC EXC1 + <strong>Prix Sp\u00e9cial<\/strong><\/li>\r\n<li><a href=\"http:\/\/elevage-clos-artemis.fr\/index.php\/orchidee-du-jardin-de-lauthie\/\">Orchid\u00e9e du Jardin de l&rsquo;Authie<\/a>: CAGCE EXC1 + Honneur 1 + <strong>Nomin\u00e9e Best in Show<\/strong><\/li>\r\n<\/ul>\r\n<p>&nbsp;<\/p>\r\n<p><strong>Mars<\/strong><\/p>\r\n<h2>Paris Animal Show &#8212; 11\/12\/13 Mars 2022<\/h2>\r\n<ul>\r\n<li><a href=\"http:\/\/elevage-clos-artemis.fr\/index.php\/elevage\/maine-coon\/nos-males\/mycat-odins-son\/\">MyCat Odin&rsquo;s Son:<\/a> 1 CAC EXC1 + 2 CACIB EXC1<\/li>\r\n<li><a href=\"http:\/\/elevage-clos-artemis.fr\/index.php\/orchidee-du-jardin-de-lauthie\/\">Orchid\u00e9e du Jardin de l&rsquo;Authie<\/a>: Honneur 1 + &nbsp;<strong>Best in Show vendredi, samedi et dimanche<\/strong><\/li>\r\n<\/ul>\r\n<p>&nbsp;<\/p>\r\n<p><!-- \/wp:list -->\r\n\r\n<!-- wp:heading --><\/p>\r\n<h2>Turretot &#8212; 26\/27 Mars 2022<\/h2>\r\n<p><!-- \/wp:heading -->\r\n\r\n<!-- wp:list --><\/p>\r\n<ul>\r\n<li><a href=\"http:\/\/elevage-clos-artemis.fr\/index.php\/elevage\/maine-coon\/nos-femelles\/punk-du-clos-dartemis\/\">Punk du Clos d&rsquo;Art\u00e9mis<\/a>: 1 CAC EXC1 + <strong>Best Vari\u00e9t\u00e9<\/strong><\/li>\r\n<\/ul>\r\n<p>&nbsp;<\/p>\r\n<p><strong>Avril<\/strong><\/p>\r\n<p><!-- \/wp:list -->\r\n\r\n<!-- wp:heading --><\/p>\r\n<h2>Evreux &#8212; 23\/24 Avril 2022<\/h2>\r\n<p><!-- \/wp:heading -->\r\n\r\n<!-- wp:list --><\/p>\r\n<ul>\r\n<li><a href=\"http:\/\/elevage-clos-artemis.fr\/index.php\/elevage\/maine-coon\/nos-femelles\/rose-tattoo-du-clos-dartemis\/\">Rose Tattoo du Clos d&rsquo;Art\u00e9mis<\/a> : 1 CAC EXC1 + 1 CACIB EXC1 + <strong>Nomin\u00e9e Best in Show<\/strong><\/li>\r\n<li><a href=\"http:\/\/elevage-clos-artemis.fr\/index.php\/orchidee-du-jardin-de-lauthie\/\">Orchid\u00e9e du Jardin de l&rsquo;Authie<\/a>: Honneur 1 + &nbsp;<strong>Best in Show<\/strong><\/li>\r\n<\/ul>\r\n<p>&nbsp;<\/p>\r\n<p><strong>Juin<\/strong><\/p>\r\n<p><!-- \/wp:list -->\r\n\r\n<!-- wp:heading --><\/p>\r\n<h2>Montargis &#8212; 04\/05 Juin 2022<\/h2>\r\n<p><!-- \/wp:heading -->\r\n\r\n<!-- wp:list --><\/p>\r\n<ul>\r\n<li><a href=\"http:\/\/elevage-clos-artemis.fr\/index.php\/elevage\/maine-coon\/nos-femelles\/punk-du-clos-dartemis\/\">Punk du Clos d&rsquo;Art\u00e9mis<\/a>: 2 CACIB EXC1<\/li>\r\n<li><a href=\"http:\/\/elevage-clos-artemis.fr\/index.php\/elevage\/maine-coon\/nos-femelles\/rose-tattoo-du-clos-dartemis\/\">Rose Tattoo du Clos d&rsquo;Art\u00e9mis<\/a> : 1 CACIB EXC1<\/li>\r\n<li><a href=\"http:\/\/elevage-clos-artemis.fr\/index.php\/orchidee-du-jardin-de-lauthie\/\">Orchid\u00e9e du Jardin de l&rsquo;Authie<\/a>: Honneur 1 + <strong>Nomin\u00e9e<\/strong> <strong>Best in Show + Best Vari\u00e9t\u00e9&nbsp;<\/strong>le Samedi + <strong>Nomin\u00e9e Best in Show<\/strong> le Dimanche<\/li>\r\n<\/ul>\r\n<p><strong>Septembre<\/strong><\/p>\r\n<p><!-- \/wp:list -->\r\n\r\n<!-- wp:heading --><\/p>\r\n<h2>Chartres &#8212; 10\/11 Septembre 2022<\/h2>\r\n<p><!-- \/wp:heading -->\r\n\r\n<!-- wp:list --><\/p>\r\n<ul>\r\n<li><a href=\"http:\/\/elevage-clos-artemis.fr\/index.php\/elevage\/maine-coon\/nos-femelles\/captain-coon-matryoshka\/\">Captain Coon&rsquo;s Matryoshka<\/a>: 1 CAC EXC1 + 1 CACIB EXC1<\/li>\r\n<li><a href=\"http:\/\/elevage-clos-artemis.fr\/index.php\/elevage\/maine-coon\/nos-femelles\/unicum-iguana\/\">Unicum Iguana<\/a>: 2 CAGCI EXC1 + <strong>Prix Sp\u00e9cial<\/strong><\/li>\r\n<li>Thiazi du Clos d&rsquo;Art\u00e9mis: 2 EXC1 Chaton 3\/6<\/li>\r\n<li>Thrud du Clos d&rsquo;Art\u00e9mis: 2 EXC1 Chaton 3\/6 + <strong>Nomin\u00e9e Best in Show<\/strong><\/li>\r\n<li><a href=\"http:\/\/elevage-clos-artemis.fr\/index.php\/elevage\/maine-coon\/nos-femelles\/rose-tattoo-du-clos-dartemis\/\">Rose Tattoo du Clos d&rsquo;Art\u00e9mis<\/a> : 1 CACIB EXC1&nbsp;<\/li>\r\n<li><a href=\"http:\/\/elevage-clos-artemis.fr\/index.php\/elevage\/maine-coon\/nos-femelles\/touraine-amboise-du-clos-dartemis\/\">Touraine-Amboise du Clos d&rsquo;Art\u00e9mis<\/a>: 2 EXC1 Chaton 3\/6<\/li>\r\n<li><a href=\"http:\/\/elevage-clos-artemis.fr\/index.php\/orchidee-du-jardin-de-lauthie\/\">Orchid\u00e9e du Jardin de l&rsquo;Authie<\/a>: Honneur 1 + <strong>Best in Show<\/strong><\/li>\r\n<\/ul>\r\n<p>&nbsp;<\/p>\r\n<p><strong>Octobre<\/strong><\/p>\r\n<!-- \/wp:list -->\r\n\r\n<!-- wp:heading -->\r\n<h2>Mereville &#8212; 01\/02 Octobre 2022<\/h2>\r\n<!-- \/wp:heading -->\r\n\r\n<!-- wp:list -->\r\n<ul>\r\n<li><a href=\"http:\/\/elevage-clos-artemis.fr\/index.php\/elevage\/maine-coon\/nos-chatons\/origami-odins-son\/\">Origami du Chabeaut\u00e9<\/a>: 2 CAGCI EXC1<\/li>\r\n<li><a href=\"http:\/\/elevage-clos-artemis.fr\/index.php\/elevage\/maine-coon\/nos-femelles\/captain-coon-matryoshka\/\">Captain Coon&rsquo;s Matryoshka<\/a>: 2 CACIB EXC1<\/li>\r\n<li><a href=\"http:\/\/elevage-clos-artemis.fr\/index.php\/elevage\/maine-coon\/nos-femelles\/unicum-iguana\/\">Unicum Iguana<\/a>: 2 CAGCI EXC1 + <strong>Prix Sp\u00e9cial<\/strong> + <strong>Best in Show Femelle Adulte Sp\u00e9ciale Maine Coon<\/strong><\/li>\r\n<\/ul>\r\n<h2>Caen &#8212; 01\/02 Octobre 2022<\/h2>\r\n<p><!-- \/wp:list -->\r\n\r\n<!-- wp:list --><\/p>\r\n<ul>\r\n<li><a href=\"http:\/\/elevage-clos-artemis.fr\/index.php\/elevage\/maine-coon\/nos-femelles\/unicum-iguana\/\">Unicum Iguana<\/a>: 2 CACE EXC1 <strong>Nomin\u00e9e<\/strong>&nbsp;<strong>Best in Show Femelle Adulte Sp\u00e9ciale Maine Coon<\/strong><\/li>\r\n<li><a href=\"http:\/\/elevage-clos-artemis.fr\/index.php\/elevage\/maine-coon\/nos-femelles\/touraine-amboise-du-clos-dartemis\/\">Touraine-Amboise du Clos d&rsquo;Art\u00e9mis<\/a>: 2 EXC1 3\/6 + <strong>Best in Show<\/strong> le Samedi + <strong>Best Vari\u00e9t\u00e9<\/strong> + <strong>Nomin\u00e9e Best in Show 3\/6 Sp\u00e9ciale Maine Coon<\/strong><\/li>\r\n<\/ul>\r\n<p>&nbsp; &nbsp;<\/p>","protected":false},"excerpt":{"rendered":"<p>Janvier Dammarie les Lys &#8212; 08\/09 Janvier 2022 Punk du Clos d&rsquo;Art\u00e9mis: 1 CAC EXC1 + Best Vari\u00e9t\u00e9 Unicum Iguana:&hellip;<\/p>\n","protected":false},"author":1,"featured_media":0,"parent":34,"menu_order":0,"comment_status":"closed","ping_status":"closed","template":"","meta":{"ngg_post_thumbnail":0,"footnotes":""},"class_list":["post-2962","page","type-page","status-publish","hentry"],"_links":{"self":[{"href":"https:\/\/chatterie-clos-artemis.fr\/index.php\/wp-json\/wp\/v2\/pages\/2962","targetHints":{"allow":["GET"]}}],"collection":[{"href":"https:\/\/chatterie-clos-artemis.fr\/index.php\/wp-json\/wp\/v2\/pages"}],"about":[{"href":"https:\/\/chatterie-clos-artemis.fr\/index.php\/wp-json\/wp\/v2\/types\/page"}],"author":[{"embeddable":true,"href":"https:\/\/chatterie-clos-artemis.fr\/index.php\/wp-json\/wp\/v2\/users\/1"}],"replies":[{"embeddable":true,"href":"https:\/\/chatterie-clos-artemis.fr\/index.php\/wp-json\/wp\/v2\/comments?post=2962"}],"version-history":[{"count":12,"href":"https:\/\/chatterie-clos-artemis.fr\/index.php\/wp-json\/wp\/v2\/pages\/2962\/revisions"}],"predecessor-version":[{"id":3045,"href":"https:\/\/chatterie-clos-artemis.fr\/index.php\/wp-json\/wp\/v2\/pages\/2962\/revisions\/3045"}],"up":[{"embeddable":true,"href":"https:\/\/chatterie-clos-artemis.fr\/index.php\/wp-json\/wp\/v2\/pages\/34"}],"wp:attachment":[{"href":"https:\/\/chatterie-clos-artemis.fr\/index.php\/wp-json\/wp\/v2\/media?parent=2962"}],"curies":[{"name":"wp","href":"https:\/\/api.w.org\/{rel}","templated":true}]}}