{"id":2367,"date":"2020-10-16T14:20:42","date_gmt":"2020-10-16T12:20:42","guid":{"rendered":"http:\/\/elevage-clos-artemis.fr\/?page_id=2367"},"modified":"2023-11-21T09:32:45","modified_gmt":"2023-11-21T08:32:45","slug":"rehoboam-du-clos-dartemis","status":"publish","type":"page","link":"https:\/\/chatterie-clos-artemis.fr\/index.php\/elevage\/maine-coon\/nos-males\/rehoboam-du-clos-dartemis\/","title":{"rendered":"R\u00e9hoboam du Clos d&rsquo;Art\u00e9mis"},"content":{"rendered":"<h5>Caract\u00e9ristiques<\/h5>\n<ul>\n<li>Sexe: M\u00e2le<\/li>\n<li>Robe: Blue Mackerel Tabby<\/li>\n<li>Naissance: 17\/06\/2020<\/li>\n<li>Tests:&nbsp; SMA N\/N, PKDef N\/N, HCM-MC N\/N, GS N\/N par filiation + FIV\/FELV OK<\/li>\n<li><strong>Titre: R\u00e9hoboam est un jeune m\u00e2le magnifique, mais qui s&rsquo;est fait une tr\u00e8s grosse frayeur en exposition f\u00e9line, et n&rsquo;y retournera donc plus.<\/strong><\/li>\n<li><strong>SQR: SQR2 &#8211; Conforme<\/strong><\/li>\n<li>Page pawped \u00e0 venir<\/li>\n<\/ul>\n<h6><strong>R\u00e9sultats<\/strong><\/h6>\n<ul>\n<li>Mereville 2020: EXC1 3\/6 mois + <strong>Best in Show<\/strong> le Samedi + EXC1 3\/6 mois + <strong>Nomin\u00e9 Best in Show<\/strong> + <strong>Best Vari\u00e9t\u00e9<\/strong> le Dimanche<\/li>\n<li>Dammarie les Lys 2022: EXC1 CAC + <strong>Prix Sp\u00e9cial<\/strong><\/li>\n<\/ul>\nngg_shortcode_0_placeholder\n<p>&nbsp;<\/p>\n<p>&nbsp;<\/p>\n","protected":false},"excerpt":{"rendered":"<p>Caract\u00e9ristiques Sexe: M\u00e2le Robe: Blue Mackerel Tabby Naissance: 17\/06\/2020 Tests:&nbsp; SMA N\/N, PKDef N\/N, HCM-MC N\/N, GS N\/N par filiation&hellip;<\/p>\n","protected":false},"author":1,"featured_media":0,"parent":914,"menu_order":0,"comment_status":"closed","ping_status":"closed","template":"","meta":{"ngg_post_thumbnail":0,"footnotes":""},"class_list":["post-2367","page","type-page","status-publish","hentry"],"_links":{"self":[{"href":"https:\/\/chatterie-clos-artemis.fr\/index.php\/wp-json\/wp\/v2\/pages\/2367","targetHints":{"allow":["GET"]}}],"collection":[{"href":"https:\/\/chatterie-clos-artemis.fr\/index.php\/wp-json\/wp\/v2\/pages"}],"about":[{"href":"https:\/\/chatterie-clos-artemis.fr\/index.php\/wp-json\/wp\/v2\/types\/page"}],"author":[{"embeddable":true,"href":"https:\/\/chatterie-clos-artemis.fr\/index.php\/wp-json\/wp\/v2\/users\/1"}],"replies":[{"embeddable":true,"href":"https:\/\/chatterie-clos-artemis.fr\/index.php\/wp-json\/wp\/v2\/comments?post=2367"}],"version-history":[{"count":3,"href":"https:\/\/chatterie-clos-artemis.fr\/index.php\/wp-json\/wp\/v2\/pages\/2367\/revisions"}],"predecessor-version":[{"id":3295,"href":"https:\/\/chatterie-clos-artemis.fr\/index.php\/wp-json\/wp\/v2\/pages\/2367\/revisions\/3295"}],"up":[{"embeddable":true,"href":"https:\/\/chatterie-clos-artemis.fr\/index.php\/wp-json\/wp\/v2\/pages\/914"}],"wp:attachment":[{"href":"https:\/\/chatterie-clos-artemis.fr\/index.php\/wp-json\/wp\/v2\/media?parent=2367"}],"curies":[{"name":"wp","href":"https:\/\/api.w.org\/{rel}","templated":true}]}}