{"id":1913,"date":"2020-04-19T18:38:23","date_gmt":"2020-04-19T16:38:23","guid":{"rendered":"http:\/\/elevage-clos-artemis.fr\/?page_id=1913"},"modified":"2020-08-04T12:19:24","modified_gmt":"2020-08-04T10:19:24","slug":"phylea-aslan","status":"publish","type":"page","link":"https:\/\/chatterie-clos-artemis.fr\/index.php\/elevage\/maine-coon\/nos-chatons\/phylea-aslan\/","title":{"rendered":"Phyl\u00e9a &#8211; Aslan"},"content":{"rendered":"\r\n<p style=\"text-align: center;\"><strong>Phyl\u00e9a de Cl\u00e9cybeli\u00e8re &amp; Only You Aslan du Clos d&rsquo;Art\u00e9mis<\/strong><\/p>\r\n\r\n\r\n\r\n<p style=\"text-align: center;\"><strong>Maine Coon<\/strong><\/p>\r\n\r\n\r\n\r\n<p style=\"text-align: center;\">8 chatons n\u00e9s le 18\/04\/2020&nbsp;<\/p>\r\n<p style=\"text-align: center;\"><img loading=\"lazy\" decoding=\"async\" class=\"aligncenter wp-image-2256 size-large\" src=\"http:\/\/elevage-clos-artemis.fr\/wp-content\/uploads\/2020\/08\/113034629_731497337715073_521482190291508243_n-1024x683.jpg\" alt=\"\" width=\"688\" height=\"459\" srcset=\"https:\/\/chatterie-clos-artemis.fr\/wp-content\/uploads\/2020\/08\/113034629_731497337715073_521482190291508243_n-1024x683.jpg 1024w, https:\/\/chatterie-clos-artemis.fr\/wp-content\/uploads\/2020\/08\/113034629_731497337715073_521482190291508243_n-300x200.jpg 300w, https:\/\/chatterie-clos-artemis.fr\/wp-content\/uploads\/2020\/08\/113034629_731497337715073_521482190291508243_n-768x512.jpg 768w, https:\/\/chatterie-clos-artemis.fr\/wp-content\/uploads\/2020\/08\/113034629_731497337715073_521482190291508243_n-1536x1024.jpg 1536w, https:\/\/chatterie-clos-artemis.fr\/wp-content\/uploads\/2020\/08\/113034629_731497337715073_521482190291508243_n-2048x1365.jpg 2048w, https:\/\/chatterie-clos-artemis.fr\/wp-content\/uploads\/2020\/08\/113034629_731497337715073_521482190291508243_n-1600x1066.jpg 1600w\" sizes=\"auto, (max-width: 688px) 100vw, 688px\" \/><\/p>\r\n<p>&nbsp;<\/p>\r\n<p style=\"text-align: center;\"><strong>RAINE &#8211; Femelle brown mackerel tabby &#8211; <span style=\"color: #ff0000;\">RESERVEE<\/span><\/strong><\/p>\r\nngg_shortcode_0_placeholder\r\n<p>&nbsp;<\/p>\r\n<p style=\"text-align: center;\"><strong>RINOA &#8211; Femelle brown mackerel tabby &#8211; <span style=\"color: #ff0000;\">RESERVEE<\/span><\/strong><\/p>\r\nngg_shortcode_1_placeholder\r\n<p>&nbsp;<\/p>\r\n<p style=\"text-align: center;\"><strong>RIKKU &#8211; Femelle black silver mackerel tabby &#8211; <span style=\"color: #ff0000;\">RESERVEE<\/span><\/strong><\/p>\r\nngg_shortcode_2_placeholder\r\n<p>&nbsp;<\/p>\r\n<p style=\"text-align: center;\"><strong>ROMY \u00ab\u00a0RYDIA\u00a0\u00bb &#8211; Femelle black silver blotched tabby &#8211; <span style=\"color: #ff0000;\">RESERVEE<\/span><\/strong><\/p>\r\nngg_shortcode_3_placeholder\r\n<p>&nbsp;<\/p>\r\n<p style=\"text-align: center;\"><strong>RAMSES \u00ab\u00a0RENO\u00a0\u00bb &#8211; M\u00e2le black silver blotched tabby &#8211; <span style=\"color: #ff0000;\">RESERVE<\/span><\/strong><\/p>\r\nngg_shortcode_4_placeholder\r\n<p>&nbsp;<\/p>\r\n<p style=\"text-align: center;\"><strong>RUDE &#8211; M\u00e2le black silver blotched tabby &#8211; <span style=\"color: #ff0000;\">RESERVE<\/span><\/strong><\/p>\r\nngg_shortcode_5_placeholder\r\n<p style=\"text-align: center;\"><strong>RAY \u00ab\u00a0REEVE\u00a0\u00bb &#8211; M\u00e2le black silver mackerel tabby &#8211; <span style=\"color: #ff0000;\">RESERVE<\/span><\/strong><\/p>\r\nngg_shortcode_6_placeholder\r\n<p>&nbsp;<\/p>\r\n<p style=\"text-align: center;\"><strong>RUBY MOHEA &#8211; Femelle black silver blotched tabby &#8211; <span style=\"color: #ff0000;\">RESERVEE<\/span><\/strong><\/p>\r\nngg_shortcode_7_placeholder\r\n\r\n\r\n\r\n\r\n\r\n<p style=\"text-align: center;\"><\/p>\r\n<p style=\"text-align: center;\"><\/p>\r\n\r\n\r\n\r\n<p style=\"text-align: center;\"><\/p>\r\n<p style=\"text-align: center;\">&nbsp;<\/p>\r\n\r\n\r\n\r\n<p style=\"text-align: center;\">P\u00e8re: Only You Aslan du Clos d&rsquo;Art\u00e9mis &#8211; Black Silver Spotted Tabby- Triple Champion de France &#8211; SQR4<\/p>\r\n\r\nngg_shortcode_8_placeholder\r\n\r\n<p style=\"text-align: left;\">&nbsp;<\/p>\r\n\r\n\r\n\r\n<p style=\"text-align: left;\">&nbsp;<\/p>\r\n\r\n\r\n\r\n<p style=\"text-align: center;\">M\u00e8re: Phyl\u00e9a de Cl\u00e9cybeli\u00e8re &#8211; SQR2<\/p>\r\n\r\nngg_shortcode_9_placeholder","protected":false},"excerpt":{"rendered":"<p>Phyl\u00e9a de Cl\u00e9cybeli\u00e8re &amp; Only You Aslan du Clos d&rsquo;Art\u00e9mis Maine Coon 8 chatons n\u00e9s le 18\/04\/2020&nbsp; &nbsp; RAINE &#8211;&hellip;<\/p>\n","protected":false},"author":1,"featured_media":0,"parent":186,"menu_order":0,"comment_status":"closed","ping_status":"closed","template":"","meta":{"ngg_post_thumbnail":0,"footnotes":""},"class_list":["post-1913","page","type-page","status-publish","hentry"],"_links":{"self":[{"href":"https:\/\/chatterie-clos-artemis.fr\/index.php\/wp-json\/wp\/v2\/pages\/1913","targetHints":{"allow":["GET"]}}],"collection":[{"href":"https:\/\/chatterie-clos-artemis.fr\/index.php\/wp-json\/wp\/v2\/pages"}],"about":[{"href":"https:\/\/chatterie-clos-artemis.fr\/index.php\/wp-json\/wp\/v2\/types\/page"}],"author":[{"embeddable":true,"href":"https:\/\/chatterie-clos-artemis.fr\/index.php\/wp-json\/wp\/v2\/users\/1"}],"replies":[{"embeddable":true,"href":"https:\/\/chatterie-clos-artemis.fr\/index.php\/wp-json\/wp\/v2\/comments?post=1913"}],"version-history":[{"count":34,"href":"https:\/\/chatterie-clos-artemis.fr\/index.php\/wp-json\/wp\/v2\/pages\/1913\/revisions"}],"predecessor-version":[{"id":2273,"href":"https:\/\/chatterie-clos-artemis.fr\/index.php\/wp-json\/wp\/v2\/pages\/1913\/revisions\/2273"}],"up":[{"embeddable":true,"href":"https:\/\/chatterie-clos-artemis.fr\/index.php\/wp-json\/wp\/v2\/pages\/186"}],"wp:attachment":[{"href":"https:\/\/chatterie-clos-artemis.fr\/index.php\/wp-json\/wp\/v2\/media?parent=1913"}],"curies":[{"name":"wp","href":"https:\/\/api.w.org\/{rel}","templated":true}]}}