{"id":1735,"date":"2019-12-12T09:56:40","date_gmt":"2019-12-12T08:56:40","guid":{"rendered":"http:\/\/elevage-clos-artemis.fr\/?page_id=1735"},"modified":"2025-01-22T12:10:45","modified_gmt":"2025-01-22T11:10:45","slug":"captain-coon-matryoshka","status":"publish","type":"page","link":"https:\/\/chatterie-clos-artemis.fr\/index.php\/elevage\/maine-coon\/nos-femelles\/captain-coon-matryoshka\/","title":{"rendered":"Captain Coon Matryoshka"},"content":{"rendered":"<p>&nbsp;<\/p>\n<h5>Caract\u00e9ristiques<\/h5>\n<ul>\n<li>Sexe: Femelle<\/li>\n<li>Robe: Black Tortie et Blanc<\/li>\n<li>Naissance: 25\/04\/2019<\/li>\n<li>Tests: carte g\u00e9n\u00e9tique + v\u00e9rif parent\u00e9, SMA N\/N, PKDef N\/N, HCM-MC N\/N, GS N\/N, echo coeur\/reins 2022 OK<\/li>\n<li>Titre: Triple Championne de France<\/li>\n<li>SQR: SQR4 &#8211; Recommand\u00e9e<\/li>\n<li><a href=\"https:\/\/pawpeds.com\/db\/?a=p&amp;id=1471503&amp;g=4&amp;p=mco&amp;date=iso&amp;o=ajgrep\">Page Pawpeds<\/a><\/li>\n<\/ul>\n<h6><strong>R\u00e9sultats<\/strong><\/h6>\n<ul>\n<li>Mortagne au Perche 2019: EXC1 6\/10 mois les 2 jours. <strong>Best Vari\u00e9t\u00e9<\/strong> le Samedi, <strong>nomin\u00e9e Best in Show<\/strong> le Dimanche<\/li>\n<li>Paris Animal Show 2020: EXC1 6\/10 mois les 2 jours<\/li>\n<li>Cambrai 2020: EXC1 6\/10 mois<\/li>\n<li>Mereville 2020: CAC + CAC<\/li>\n<li>Chartres 2022: CAC + CACIB<\/li>\n<li>Mereville 2022: CACIB + CACIB<\/li>\n<li>Dammarie 2023: CAGCI<\/li>\n<li>Anet 2024: CAGCI + CAGCI + <strong>Prix Sp\u00e9cial<\/strong><\/li>\n<li>Paris Animal Show 2024: CAGCI + CACE<\/li>\n<li>Semur 2024: CACE + <strong>Prix Sp\u00e9cial<\/strong> + CACE<\/li>\n<li>Mereville 2024: CACE + CACE<\/li>\n<\/ul>\nngg_shortcode_0_placeholder\n","protected":false},"excerpt":{"rendered":"<p>&nbsp; Caract\u00e9ristiques Sexe: Femelle Robe: Black Tortie et Blanc Naissance: 25\/04\/2019 Tests: carte g\u00e9n\u00e9tique + v\u00e9rif parent\u00e9, SMA N\/N, PKDef&hellip;<\/p>\n","protected":false},"author":1,"featured_media":0,"parent":180,"menu_order":0,"comment_status":"closed","ping_status":"closed","template":"","meta":{"ngg_post_thumbnail":0,"footnotes":""},"class_list":["post-1735","page","type-page","status-publish","hentry"],"_links":{"self":[{"href":"https:\/\/chatterie-clos-artemis.fr\/index.php\/wp-json\/wp\/v2\/pages\/1735","targetHints":{"allow":["GET"]}}],"collection":[{"href":"https:\/\/chatterie-clos-artemis.fr\/index.php\/wp-json\/wp\/v2\/pages"}],"about":[{"href":"https:\/\/chatterie-clos-artemis.fr\/index.php\/wp-json\/wp\/v2\/types\/page"}],"author":[{"embeddable":true,"href":"https:\/\/chatterie-clos-artemis.fr\/index.php\/wp-json\/wp\/v2\/users\/1"}],"replies":[{"embeddable":true,"href":"https:\/\/chatterie-clos-artemis.fr\/index.php\/wp-json\/wp\/v2\/comments?post=1735"}],"version-history":[{"count":11,"href":"https:\/\/chatterie-clos-artemis.fr\/index.php\/wp-json\/wp\/v2\/pages\/1735\/revisions"}],"predecessor-version":[{"id":3908,"href":"https:\/\/chatterie-clos-artemis.fr\/index.php\/wp-json\/wp\/v2\/pages\/1735\/revisions\/3908"}],"up":[{"embeddable":true,"href":"https:\/\/chatterie-clos-artemis.fr\/index.php\/wp-json\/wp\/v2\/pages\/180"}],"wp:attachment":[{"href":"https:\/\/chatterie-clos-artemis.fr\/index.php\/wp-json\/wp\/v2\/media?parent=1735"}],"curies":[{"name":"wp","href":"https:\/\/api.w.org\/{rel}","templated":true}]}}