{"id":1680,"date":"2019-11-21T13:59:15","date_gmt":"2019-11-21T12:59:15","guid":{"rendered":"http:\/\/elevage-clos-artemis.fr\/?page_id=1680"},"modified":"2022-10-23T19:23:44","modified_gmt":"2022-10-23T17:23:44","slug":"origami-du-chabeaute","status":"publish","type":"page","link":"https:\/\/chatterie-clos-artemis.fr\/index.php\/elevage\/maine-coon\/nos-femelles\/origami-du-chabeaute\/","title":{"rendered":"Origami du Chabeaut\u00e9"},"content":{"rendered":"<p>&nbsp;<\/p>\n<h5>Caract\u00e9ristiques<\/h5>\n<ul>\n<li>Sexe: Femelle<\/li>\n<li>Robe: Black Smoke &amp; Blanc<\/li>\n<li>Naissance: 11\/11\/2018<\/li>\n<li>Tests: carte g\u00e9n\u00e9tique + v\u00e9rif parent\u00e9, SMA N\/N, PKDef N\/N, HCM-MC N\/N, GS N\/N + echo coeur\/rein 2021 OK<\/li>\n<li>Titre: Double Championne de France<\/li>\n<li><strong>SQR: SQR 2 &#8211; Conforme<\/strong><\/li>\n<li><a href=\"https:\/\/pawpeds.com\/db\/?a=p&amp;id=1476256&amp;g=4&amp;p=mco&amp;date=iso&amp;o=ajgrep\">Page Pawpeds<\/a><\/li>\n<\/ul>\n<h6><strong>R\u00e9sultats<\/strong><\/h6>\n<ul>\n<li>Mortagne au Perche 2019: CAC + CAC<\/li>\n<li>Dammarie-les-Lys 2020: CAC + CACIB + <strong>Best Vari\u00e9t\u00e9<\/strong> + <strong>Nomin\u00e9e Best in Show<\/strong><\/li>\n<li>Mereville 2020: CACIB + CACIB<\/li>\n<li>Mereville 2022: CAGCI + CAGCI<\/li>\n<\/ul>\nngg_shortcode_0_placeholder\n","protected":false},"excerpt":{"rendered":"<p>&nbsp; Caract\u00e9ristiques Sexe: Femelle Robe: Black Smoke &amp; Blanc Naissance: 11\/11\/2018 Tests: carte g\u00e9n\u00e9tique + v\u00e9rif parent\u00e9, SMA N\/N, PKDef&hellip;<\/p>\n","protected":false},"author":1,"featured_media":0,"parent":180,"menu_order":0,"comment_status":"closed","ping_status":"closed","template":"","meta":{"ngg_post_thumbnail":0,"footnotes":""},"class_list":["post-1680","page","type-page","status-publish","hentry"],"_links":{"self":[{"href":"https:\/\/chatterie-clos-artemis.fr\/index.php\/wp-json\/wp\/v2\/pages\/1680","targetHints":{"allow":["GET"]}}],"collection":[{"href":"https:\/\/chatterie-clos-artemis.fr\/index.php\/wp-json\/wp\/v2\/pages"}],"about":[{"href":"https:\/\/chatterie-clos-artemis.fr\/index.php\/wp-json\/wp\/v2\/types\/page"}],"author":[{"embeddable":true,"href":"https:\/\/chatterie-clos-artemis.fr\/index.php\/wp-json\/wp\/v2\/users\/1"}],"replies":[{"embeddable":true,"href":"https:\/\/chatterie-clos-artemis.fr\/index.php\/wp-json\/wp\/v2\/comments?post=1680"}],"version-history":[{"count":9,"href":"https:\/\/chatterie-clos-artemis.fr\/index.php\/wp-json\/wp\/v2\/pages\/1680\/revisions"}],"predecessor-version":[{"id":2967,"href":"https:\/\/chatterie-clos-artemis.fr\/index.php\/wp-json\/wp\/v2\/pages\/1680\/revisions\/2967"}],"up":[{"embeddable":true,"href":"https:\/\/chatterie-clos-artemis.fr\/index.php\/wp-json\/wp\/v2\/pages\/180"}],"wp:attachment":[{"href":"https:\/\/chatterie-clos-artemis.fr\/index.php\/wp-json\/wp\/v2\/media?parent=1680"}],"curies":[{"name":"wp","href":"https:\/\/api.w.org\/{rel}","templated":true}]}}