{"id":140,"date":"2017-02-08T20:39:32","date_gmt":"2017-02-08T19:39:32","guid":{"rendered":"http:\/\/elevage-clos-artemis.fr\/?page_id=140"},"modified":"2026-03-31T17:15:28","modified_gmt":"2026-03-31T15:15:28","slug":"mariages-prevus","status":"publish","type":"page","link":"https:\/\/chatterie-clos-artemis.fr\/index.php\/elevage\/chat-des-forets-norvegiennes\/mariages-prevus\/","title":{"rendered":"Mariages pr\u00e9vus"},"content":{"rendered":"<p><strong>Afin d&rsquo;obtenir la plus belle lign\u00e9e possible, nous mettons tout en oeuvre afin de s\u00e9lectionner des reproducteurs qui pourront embellir respectivement leurs caract\u00e9ristiques, le tout avec un respect irr\u00e9prochable du m\u00e2le et de la femelle s\u00e9lectionn\u00e9s.&nbsp;<\/strong><\/p>\n<p>Cette page vous pr\u00e9sente les diff\u00e9rents mariages pr\u00e9vus au sein de la chatterie, &nbsp;vous permettant ainsi d&rsquo;anticiper les futures naissances pour pouvoir r\u00e9server les chatons. N&rsquo;h\u00e9sitez pas \u00e0 nous contacter pour plus d&rsquo;informations sur les saillies en cours, et de consulter notre page chatons.<\/p>\n<p><strong>Mariages pr\u00e9vus pour 2026:<\/strong><\/p>\n<p>Planification en cours (Lemon Crinkle, Sakura)<\/p>\n<p>Vous souhaitez \u00eatre pr\u00e9venus lorsque nous avons des chatons disponibles ? <a href=\"http:\/\/elevage-clos-artemis.fr\/index.php\/newsletter\/\">Inscrivez-vous \u00e0 notre newsletter en cliquant ici.&nbsp;<\/a><\/p>\n","protected":false},"excerpt":{"rendered":"<p>Afin d&rsquo;obtenir la plus belle lign\u00e9e possible, nous mettons tout en oeuvre afin de s\u00e9lectionner des reproducteurs qui pourront embellir&hellip;<\/p>\n","protected":false},"author":1,"featured_media":0,"parent":130,"menu_order":0,"comment_status":"closed","ping_status":"closed","template":"","meta":{"ngg_post_thumbnail":0,"footnotes":""},"class_list":["post-140","page","type-page","status-publish","hentry"],"_links":{"self":[{"href":"https:\/\/chatterie-clos-artemis.fr\/index.php\/wp-json\/wp\/v2\/pages\/140","targetHints":{"allow":["GET"]}}],"collection":[{"href":"https:\/\/chatterie-clos-artemis.fr\/index.php\/wp-json\/wp\/v2\/pages"}],"about":[{"href":"https:\/\/chatterie-clos-artemis.fr\/index.php\/wp-json\/wp\/v2\/types\/page"}],"author":[{"embeddable":true,"href":"https:\/\/chatterie-clos-artemis.fr\/index.php\/wp-json\/wp\/v2\/users\/1"}],"replies":[{"embeddable":true,"href":"https:\/\/chatterie-clos-artemis.fr\/index.php\/wp-json\/wp\/v2\/comments?post=140"}],"version-history":[{"count":47,"href":"https:\/\/chatterie-clos-artemis.fr\/index.php\/wp-json\/wp\/v2\/pages\/140\/revisions"}],"predecessor-version":[{"id":4224,"href":"https:\/\/chatterie-clos-artemis.fr\/index.php\/wp-json\/wp\/v2\/pages\/140\/revisions\/4224"}],"up":[{"embeddable":true,"href":"https:\/\/chatterie-clos-artemis.fr\/index.php\/wp-json\/wp\/v2\/pages\/130"}],"wp:attachment":[{"href":"https:\/\/chatterie-clos-artemis.fr\/index.php\/wp-json\/wp\/v2\/media?parent=140"}],"curies":[{"name":"wp","href":"https:\/\/api.w.org\/{rel}","templated":true}]}}